c + 12. Suppose -1726*n - 12 = -1724*n. Calculate v(n).
24
Suppose 4*x - 4 = 0, -2*v = 2*v - 5*x - 11. Let h be (-72)/12*(-6)/v. Let q(b) = b**2 + h*b - 2*b + 0*b - 1 - 3*b. Determine q(-4).
-1
Let y(j) = 13*j**3 + 2*j + 5*j**2 + 6*j - 14*j**3 - 9. Let c = -28 + 47. Suppose -c = -2*p - 7. Give y(p).
3
Suppose 5*k = 3*k. Let g be (-2)/4*k + -2. Let h(y) = -4*y - 2. Give h(g).
6
Let f(s) be the third derivative of -s**5/20 - s**4/12 - 8*s**2. Let q(x) = x**2 + 1. Let w(r) = f(r) + 4*q(r). Give w(3).
7
Let y be 65*1*(-12 + 11). Let q = y + 72. Let v(s) = 4 - 2*s + 3*s - 14. Determine v(q).
-3
Suppose -2*l + 3 - 19 = 3*s, -4*s - 22 = 2*l. Let x(g) = -2*g + 2. Determine x(s).
14
Let b(r) = -r**2 - 9 + 6*r - 2 + 13. Calculate b(5).
7
Let x be 1/7 + 130/70. Let w(u) = -6 + 0*u**x - 2 + u**3 - 5*u + 0 - 5*u**2. Give w(6).
-2
Let w = -79 + 85. Let p(a) = 6 - 7*a - a**2 + 4*a**2 - 2*a**2. Let s(u) = u**2 - 7*u + 7. Let m(f) = 2*p(f) - 3*s(f). Give m(w).
-3
Let o(s) be the third derivative of 67*s**6/120 - s**5/30 - s**4/12 - s**3/6 - 824*s**2. What is o(-1)?
-68
Let c(r) be the third derivative of -r**4/6 + r**3/6 - r**2. Suppose 0 = -f + m + 3, 18 = -18*f + 20*f - 5*m. Calculate c(f).
5
Let m(q) = q. Let t(b) = -8*b. Let f(g) = -4*m(g) - t(g). Suppose p + 3*p = 0. Suppose -4*u + 9*u + 5 = p. Give f(u).
-4
Suppose -2*u - 52 = -15*u. Suppose -12 = l + 2*y + y, u = -l - y. Let c(s) = s + 23. What is c(l)?
23
Let b(f) = 6 + 2*f - 6*f + f. Let t be ((1/(-1))/(-1))/((-12)/(-48)). Determine b(t).
-6
Suppose -20 = 4*y - 44. Let o(u) = 0 - 6 + y - 7 + 3*u. What is o(8)?
17
Let y = -61 + 67. Let s(u) = -u - 5 + y - 1. Determine s(5).
-5
Let x(b) = -2*b + 9. Let k(r) be the third derivative of -r**3/6 - 9*r**2. Let h(y) = 4*k(y) + x(y). Calculate h(6).
-7
Let r = 345 - 338. Let s(u) = u**2 - 6*u - 3. Give s(r).
4
Suppose -g + 21 = 2*g. Let h = g + -7. Let m(f) = -4 - f**2 + 1 + 8*f + h*f**2 + 4. Determine m(6).
13
Let f be 1170/42 + (-3)/(-21). Suppose 3*j + 4*h - 17 = 2, -4*j - 4*h = -f. Let y(d) = d**2 - 9*d + 6. What is y(j)?
6
Let x(i) be the first derivative of -i**4/4 - 8*i**3/3 + i**2/2 + 40. Give x(-8).
-8
Let s be 2/(-5) - 851/(-115). Let l(t) = -4*t + 32. Calculate l(s).
4
Let a(n) = -42*n**2 - 17*n + 25. Let y(m) = -23*m**2 - 8*m + 12. Let z(o) = 6*a(o) - 11*y(o). Give z(12).
-6
Suppose 0 = 3*w + 4*h - 24, 13 = -2*w + 5*h + 52. Let z be (-6)/4 + 30/w + 3. Let a(l) = -l. What is a(z)?
-4
Let g(b) = 17*b + 2. Let j be g(-1). Let h = -13 - j. Let u(w) = -5*w**h - 2*w**2 + 1 - 2*w + 8*w + 8*w**2. Give u(-3).
-8
Let d(n) = -n**3 + 5*n**2 + 5*n + 5. Suppose -v - 9 = -4*c, 2*c + 27 = 6*v - v. Suppose -v*g = -2*g - 5. Let y be (21/(-28))/(g/(-8)). Calculate d(y).
-1
Suppose -10 = -d + 3*d. Suppose 10*z - 8*z - 8 = 0. Let k(h) = 3*h - 4 - z*h**2 + h**3 + 2 - 2*h**3 - 4. Calculate k(d).
4
Let v(a) = -14. Let z(t) = 3*t - 70. Let x(f) = -6*v(f) + z(f). What is x(-4)?
2
Let u(z) = -3*z + 13. Let v(t) = -14*t**2 - 5. Let w(d) = 69*d**2 + 24. Let i(x) = 24*v(x) + 5*w(x). Let j be i(1). Give u(j).
-14
Suppose -4*j + 4 = x, -2*x = -5*x + 3*j + 12. Suppose -l = 3*g - 10, l + 0*l = -x*g + 12. Suppose 17 = -l*n - 7. Let f(o) = -o**2 - 9*o - 6. Determine f(n).
12
Suppose -4364*v - 56 = -4360*v. Let j(x) = -x - 19. Give j(v).
-5
Let l(a) = 8*a**3 + 6*a**2 - 8*a - 1. Let w(h) = 3*h**3 + 3*h**2 - 4*h. Let y(s) = -2*l(s) + 5*w(s). Give y(3).
-10
Let s = -7572 + 7566. Let o(x) be the first derivative of -x**5/120 + x**4/24 + x**3/3 - 1. Let y(w) be the third derivative of o(w). Give y(s).
7
Let a(b) = b**3 - b**2 + b + 8. Let h(m) = 2*m - 39. Let o be h(15). Let c be (-3)/6*0/o. Calculate a(c).
8
Let l(d) be the third derivative of d**5/60 - 11*d**4/24 + 11*d**3/6 - 783*d**2. What is l(7)?
-17
Let t(c) = -c**3 + 7*c**2 + c - 1. Suppose -2*l = 5*n - 14, -4*l = n - 0*n - 10. Suppose -5*z - b = -2*z - 19, -3*b = n*z - 8. Give t(z).
6
Let z(f) be the third derivative of -7*f**4/24 + f**3/6 - 5*f**2 + 23*f. What is z(5)?
-34
Let j(f) = f - 20. Let y(r) = 10. Let i(p) = 2*j(p) + 5*y(p). Let o be i(-5). Suppose o = w + w - 12. Let s(g) = -g**2 + 5*g + 1. Calculate s(w).
-5
Let w(h) = -17*h**3 + 55*h**2 + 22*h + 76. Let m(j) = 3*j**3 - 11*j**2 - 4*j - 15. Let u(y) = 11*m(y) + 2*w(y). Determine u(-11).
-13
Let d(q) be the third derivative of q**7/840 - q**6/240 - q**5/30 - 7*q**4/24 + 27*q**2. Let x(a) be the second derivative of d(a). Give x(3).
14
Let f be (-330)/198*(-12)/5. Let b(z) be the first derivative of z**4/4 - 4*z**3/3 - 4*z - 1. What is b(f)?
-4
Suppose 3*c + 2*i = 4*i + 11, 3*c + 13 = -4*i. Suppose 0 = 2*n - 3*n - c. Let g(q) = 2*q + 5. Let l(y) = y + 4. Let z(d) = -5*g(d) + 6*l(d). What is z(n)?
3
Suppose 5 = -2*b + 13. Suppose -p + 3 + b = 0. Suppose -p = 2*h + 5*j, -h + 0*h + j = 0. Let n(x) = 15*x**2 - 2*x - 1. Determine n(h).
16
Let c(k) = k - 1. Let z = 15 + -27. Let h(q) = q**2 + 12*q + 2. Let o be h(z). Determine c(o).
1
Let t = 10 - 19. Let n = t + 15. Let w(a) = -5*a - n + 21*a - 14*a. What is w(5)?
4
Let k(n) = -17*n**3 - 15 - 11*n**3 - 9*n - 15*n**3 + 2 + 11*n**2 + 42*n**3. What is k(10)?
-3
Let p = 4 + -5. Let g be (p/(-4))/(15/(-12) + 1). Let s(d) = -14*d**2 - d. Determine s(g).
-13
Let h(v) = v - 4. Let b be (99/9 + -9)*4/(-2). What is h(b)?
-8
Let a(h) be the first derivative of h**4/4 + h**3/3 - 3*h**2 - 3*h - 112. Give a(-4).
-27
Let b(y) = -y**2 + 6*y - 2. Suppose -3*o + f + 49 = 0, 9*o - 4*o = -3*f + 63. Suppose -5*m + 5 = 0, 4*u - 6*m + 4*m + 46 = 0. Let w = u + o. Calculate b(w).
6
Let q be (-6 - -9 - -3)/1. Let p(k) = -k**3 + 6*k**2 + k + 1. Determine p(q).
7
Let y = -15 + 25. Let u = 23 - y. Suppose 0 = -5*q + q + 4*f - 12, -4*q - u = -5*f. Let v(l) = -l**2 - 2*l. What is v(q)?
0
Let r(v) = v**3 + 5*v**2 + 3*v + 1. Suppose -3*i - 33 = -6*i. Suppose 3*f + 8 = f + 2*u, -i = 2*f - 5*u. What is r(f)?
10
Let d(u) = -4*u**3 - 6*u**2 + 10*u + 4. Let j(p) = -p**3 - p**2 + 3*p. Let h(b) = -d(b) + 2*j(b). Determine h(-4).
-52
Let r(d) = d + 3*d**2 - 5*d + 10*d**3 + d**3 - d**3 - 12*d**3 + 4. What is r(2)?
-8
Let k(w) be the third derivative of w**5/60 - w**4/2 + 11*w**3/6 + w**2 - 10*w. Determine k(11).
0
Let t(f) = -f**2 - 8*f. Let o be 4/(-1)*(8 - 18/3). Give t(o).
0
Let u(t) be the first derivative of t**2 - 2*t - 39. What is u(-2)?
-6
Let z(n) be the second derivative of -n**7/2520 + n**6/720 + n**5/120 - 5*n**4/12 + 9*n. Let d(x) be the third derivative of z(x). Calculate d(2).
-1
Suppose -m = 4 + 7. Let v(o) = o**2 + 12*o + 12. Let k be v(m). Let y(x) = -x**3 - 2*x**2 + 2*x - 1. Calculate y(k).
-2
Let o(k) be the third derivative of k**8/20160 + k**7/1680 + k**6/240 + k**5/20 + 6*k**2. Let w(a) be the third derivative of o(a). Determine w(-3).
3
Let m = 2 - 4. Let x be (-1)/(-1 + m/(-4)). Let b(y) = -2*y**2 + 3*y + 67962 - 67962. Give b(x).
-2
Let l(h) be the first derivative of -8 + 1/3*h**3 + h - h**2. Give l(3).
4
Let g(h) be the first derivative of -h**3/3 - 2*h**2 - 2*h - 5. Let z(o) = o - 3. Let i be z(7). Suppose i*y = -5 - 7. Determine g(y).
1
Let y(f) be the third derivative of 1/3*f**4 - 2/15*f**5 + 1/120*f**6 - 20*f**2 + 0*f + 0 - 4/3*f**3. Determine y(7).
-1
Let z(u) be the third derivative of u**7/2520 + u**6/240 - u**5/15 + u**4/6 - 15*u**2. Let x(p) be the second derivative of z(p). Determine x(-6).
10
Suppose -2*k + 37 = -41. Suppose -2*u = 11*u - k. Let o(c) = c**3 - 4*c**2 + 5*c - 2. Determine o(u).
4
Let v = -432 - -437. Let s(z) = -z**3 + 4*z**2 + 3*z - 2. Calculate s(v).
-12
Let h(f) = -4*f + 2*f**2 + 5*f + 8*f - 3*f**2. Suppose -3*g = -9, -3*i + g + 12 = -9. Give h(i).
8
Let d(s) be the second derivative of 7*s**4/4 - 5*s**2/2 - 3*s. Let k(f) = -5*f**2 + 1. Let o(r) = 2*d(r) + 9*k(r). Let p = -1846 + 1847. Determine o(p).
-4
Let l(j) = 11*j + 3*j**2 - 5*j**2 + 254 - 260. Give l(5).
-1
Let k(p) = p**3 - p + 1. Let x(m) = -m**2 - 14*m - 17. Let r be x(-13). Let y be (-16)/r - (-2 + 1). Suppose y*l = 3*b - 1, l - 4*b - 1 = 9. Give k(l).
-5
Let j(m) = m**2 - 3*m - 1. Let k be j(4). Suppose k*q + 68 = -q. Let r = -15 - q. Let d(a) = a**3 - 3*a**2 - 2*a + 2. What is d(r)?
-6
Let k(m) = -m**2 + 13*m + 8. Suppose -b - 2*h = -22, 2*b - 36 = -0*b - 2*h. Calculate k(b).
-6
Let a(x) = 118 - 35 - 43 - 38 - 2*x. Calculate a(-4).
10
Let r(q